12?
53
Convert a486 (base 16) to base 3.
2010202221
1262 (base 13) to base 7
10424
What is 2be (base 16) in base 15?
31c
201201 (base 4) to base 13
c90
Convert 465 (base 15) to base 3.
1100212
What is 1740 (base 9) in base 3?
1211100
11c (base 15) to base 9
310
What is 155 (base 12) in base 9?
252
What is 2613 (base 10) in base 12?
1619
Convert -11122122 (base 3) to base 7.
-12614
-1853d (base 14) to base 9
-103205
What is 11dc6 (base 14) in base 10?
43882
-1000001111 (base 2) to base 5
-4102
Convert 100111101 (base 2) to base 3.
102202
Convert b80 (base 13) to base 16.
7ab
57 (base 14) to base 15
52
What is -2748 (base 10) in base 13?
-1335
34 (base 6) to base 14
18
-52 (base 6) to base 10
-32
Convert 103220 (base 4) to base 9.
1645
-1011130 (base 4) to base 5
-120234
What is -21443 (base 6) in base 15?
-d39
What is -2512 (base 14) in base 12?
-3904
Convert -1782 (base 10) to base 16.
-6f6
Convert 10323 (base 4) to base 11.
267
7145 (base 8) to base 3
12001111
What is 13635 (base 11) in base 4?
10233012
4680 (base 16) to base 8
43200
40 (base 8) to base 16
20
What is 3211 (base 5) in base 3?
120222
Convert -21022 (base 4) to base 15.
-291
3244 (base 13) to base 2
1101101001001
1650 (base 7) to base 11
561
What is -10112112 (base 3) in base 8?
-5023
83b2 (base 14) to base 12
11174
Convert 35202 (base 8) to base 7.
61445
-13023 (base 4) to base 13
-294
-1000101011011 (base 2) to base 6
-32323
Convert -46340 (base 7) to base 11.
-8991
3083 (base 16) to base 5
344134
Convert -111122121 (base 3) to base 12.
-5914
What is 7131 (base 10) in base 7?
26535
1125 (base 8) to base 5
4342
Convert -8230 (base 11) to base 3.
-112222120
Convert -409b (base 14) to base 2.
-10101101101001
-200122 (base 3) to base 4
-13313
What is -1021 (base 3) in base 16?
-22
7 (base 13) to base 11
7
Convert ad1 (base 14) to base 15.
97d
Convert -4948 (base 12) to base 10.
-8264
What is -2a65b (base 13) in base 10?
-80182
What is -1886 (base 16) in base 10?
-6278
-11102 (base 9) to base 7
-30332
What is 202021 (base 3) in base 16?
223
Convert -1444 (base 7) to base 8.
-1073
Convert -24312 (base 7) to base 12.
-37b6
100010011110100 (base 2) to base 5
1031102
-20012221 (base 3) to base 9
-6187
What is -434403 (base 5) in base 8?
-35202
What is 110100001 (base 3) in base 11?
6835
Convert 2b62 (base 14) to base 12.
4582
47c6 (base 14) to base 2
11000011101010
What is 2233 (base 8) in base 4?
102123
What is 10021212011 (base 3) in base 4?
33310021
Convert -200 (base 6) to base 2.
-1001000
Convert 166 (base 16) to base 5.
2413
1010000100000 (base 2) to base 4
1100200
134120 (base 6) to base 5
400301
-2401 (base 6) to base 10
-577
Convert -4c3 (base 15) to base 5.
-13313
Convert 24155 (base 8) to base 7.
42113
Convert -13105 (base 9) to base 16.
-2282
3133302 (base 4) to base 13
6699
1220312 (base 4) to base 8
15066
420 (base 14) to base 3
1010002
703 (base 14) to base 3
1212221
Convert -10260 (base 15) to base 9.
-77160
Convert 111100010100 (base 2) to base 15.
1225
What is 10111 (base 6) in base 4?
110323
-10311211 (base 5) to base 2
-10101100011110010
What is 610 (base 15) in base 8?
2525
What is -98 (base 15) in base 7?
-263
What is 526 (base 8) in base 6?
1330
-16 (base 8) to base 3
-112
485 (base 9) to base 14
209
Convert -11110000011 (base 2) to base 15.
-883
What is 111100101 (base 2) in base 13?
2b4
Convert -41ba (base 13) to base 14.
-346a
Convert 21131 (base 4) to base 16.
25d
Convert 841 (base 15) to base 9.
2487
Convert 79466 (base 10) to base 11.
54782
Convert 100101111111 (base 2) to base 6.
15131
Convert 3016 (base 16) to base 8.
30026
What is -1619 (base 11) in base 12?
-1251
Convert -32431 (base 8) to base 13.
-6258
What is -47d2 (base 15) in base 8?
-35650
Convert -1002223 (base 5) to base 13.
-7340
What is -17a (base 16) in base 5?
-3003
What is -8d9 (base 16) in base 11?
-177a
Convert 23e0 (base 16) to base 9.
13534
1000101111101 (base 2) to base 8
10575
-14407 (base 9) to base 2
-10011001010000
What is 10022331 (base 4) in base 11?
11922
What is -2699 (base 11) in base 8?
-6650
What is -2001023 (base 4) in base 14?
-3027
What is -10320031 (base 4) in base 16?
-4e0d
What is -8926 (base 13) in base 8?
-45271
Convert 19036 (base 12) to base 14.
d350
What is 7973 (base 12) in base 11?
a144
Convert 12bc2 (base 14) to base 9.
70366
Convert -2fde (base 16) to base 11.
-9230
Convert -100111001100 (base 2) to base 15.
-b23
-6638 (base 9) to base 15
-16b5
What is -7ccb (base 14) in base 13?
-9b83
Convert -3534 (base 6) to base 5.
-11400
What is 234344 (base 6) in base 5?
1123230
What is 7716 (base 9) in base 4?
1120311
What is 127 (base 15) in base 7?
523
What is -1111100110 (base 2) in base 4?
-33212
What is -1341 (base 11) in base 2?
-11011001011
Convert 3938 (base 12) to base 14.
2540
12501 (base 7) to base 15
ec3
Convert 1111044 (base 6) to base 3.
2211210001
What is -48b (base 15) in base 14?
-539
What is -1111112 (base 3) in base 9?
-1445
What is -22 (base 5) in base 6?
-20
What is -663 (base 9) in base 10?
-543
What is 15246 (base 7) in base 5?
113443
What is 212221 (base 5) in base 7?
26644
What is 20210 (base 3) in base 14?
d1
What is 1222313 (base 4) in base 9?
10338
What is 106 (base 15) in base 7?
450
-2070 (base 9) to base 8
-2761
-1000221122 (base 3) to base 9
-30848
-11743 (base 8) to base 14
-1bd9
11a9 (base 14) to base 9
4212
-643 (base 15) to base 10
-1413
What is 1221 (base 8) in base 16?
291
What is a999 (base 11) in base 12?
848b
101432 (base 6) to base 16
1fdc
13346 (base 9) to base 8
21511
-2883 (base 13) to base 3
-22000210
-357 (base 12) to base 11
-414
12d (base 16) to base 6
1221
What is -1058 (base 16) in base 13?
-1b9b
Convert 1010101101110110 (base 2) to base 14.
11dd4
What is 221201 (base 3) in base 12?
49a
What is -1222001101 (base 3) in base 14?
-10146
-122002 (base 3) to base 14
-24d
Convert 2050 (base 7) to base 3.
222201
Convert -2303 (base 9) to base 2.
-11010101000
10670 (base 12) to base 16
54b4
Convert 289 (base 10) to base 11.
243
What is 42cb (base 14) in base 6?
125243
What is 1581 (base 15) in base 9?
6304
What is -44735 (base 8) in base 10?
-18909
What is -13536 (base 11) in base 2?
-100101101001110
What is 25125 (base 6) in base 10?
3725
What is -4402 (base 7) in base 13?
-93a
What is -1954 (base 13) in base 11?
-2933
What is -a5b4 (base 15) in base 14?
-cab2
Convert 12020 (base 7) to base 6.
22205
What is -a08a (base 11) in base 13?
-6145
Convert -22011 (base 3) to base 2.
-11011100
Convert -1103 (base 7) to base 15.
-1b5
-2388 (base 14) to base 5
-144241
What is 23015 (base 6) in base 9?
4412
Convert -1210021 (base 4) to base 5.
-201114
-1006 (base 7) to base 16
-15d
-566 (base 10) to base 4
-20312
-3a5 (base 11) to base 14
-262
What is -1105 (base 10) in base 9?
-1457
Convert 1402 (base 7) to base 16.
21d
Convert -349 (base 11) to base 8.
-640
What is 11122001 (base 3) in base 10?
3376
What is -10 (base 14) in base 16?
-e
-721 (base 10) to base 6
-3201
-12210211 (base 3) to base 2
-1000010001010
Convert -150 (base 12) to base 2.
-11001100
11 (base 15) to base 8
20
Convert 5406 (base 7) to base 2.
11101111101
What is -532 (base 10) in base 4?
-20110
Convert 1c3 (base 14) to base 9.
447
Convert 10486 (base 9) to base 13.
3228
Convert 21221 (base 3) to base 16.
d6
-30001 (base 5) to base 3
-2120111
-837 (base 9) to base 2
-1010101010
What is 11606 (base 8) in base 6?
35050
111111 (base 3) to base 6
1404
-1000110 (base 2) to base 3
-2121
What is -1441123 (base 5) in base 6?
-354312
What is 13025 (base 6) in base 12?
1175
Convert 10235 (base 6) to base 11.
1055
-217c (base 16) to base 11
-6493
What is 13813 (base 9) in base 16?
24c0
-133b3 (base 14) to base 2
-1011100100100001
Convert 3111 (base 6) to base 7.
2005
Convert -19241 (base 12) to base 2.
-1000111100010001
-10110000000 (base 2) to base 9
-1834
-215 (base 11) to base 4
-10002
-470d (base 15) to base 12
-8894
522 (base 11) to base 12
445
What is -1854 (base 12) in base 8?
-5600
3672 (base 8) to base 14
a14
-12310 (base 5) to base 14
-4c3
Convert 3243 (base 5) to base 10.
448
Convert -11000010010 (base 2) to base 10.
-1554
Convert 24020 (base 5) to base 15.
7c5
What is -3620 (base 14) in base 13?
-43ab
What is -1461 (base 7) in base 2?
-1001000110
-730 (base 12) to